{"id":1309,"date":"2020-07-07T08:39:20","date_gmt":"2020-07-07T08:39:20","guid":{"rendered":"https:\/\/www.greenfieldresidence.ro\/baneasa\/?page_id=1309"},"modified":"2023-01-27T18:00:08","modified_gmt":"2023-01-27T16:00:08","slug":"stil-de-viata","status":"publish","type":"page","link":"https:\/\/www.greenfieldresidence.ro\/copou\/stil-de-viata\/","title":{"rendered":"Stil de via\u021b\u0103"},"content":{"rendered":"<p>Fericirea nu este \u0219i nu a fost niciodat\u0103 solitar\u0103. Ea poate fi sim\u021bit\u0103, \u00een\u021beleas\u0103 sau tr\u0103it\u0103 doar al\u0103turi de cel\u0103lalt, doar \u00een <b>comunitate<\/b>, doar raport\u00e2ndu-ne la <b>\u00eempreun\u0103<\/b>. Iar dac\u0103 acesta este demersul \u00een via\u021ba de zi cu zi sau \u00een zona de business, indiferent de domeniul \u00een care activezi, nu ai dec\u00e2t de c\u00e2\u0219tigat. Este \u0219i direc\u021bia urmat\u0103 de peste 30 de ani IMPACT prin proiectele reziden\u021biale pe care le dezvolt\u0103. Succesul cartierelor, \u00een Bucure\u0219ti, Oradea sau Constan\u021ba se datoreaz\u0103 coagul\u0103rii de comunit\u0103\u021bi urbane \u00een care reziden\u021bii au tot ce le trebuie \u00een imediata apropiere, \u00ee\u0219i definesc un stil de via\u021b\u0103 activ \u0219i formeaz\u0103 o uniune de oameni cu interese comune.<\/p>\n<p>La Ia\u0219i, \u00een una dintre cele mai frumoase zone a Capitalei Moldovei, \u00eenconjurat\u0103 de vie, comunitatea Greenfield Copou \u00ee\u0219i propune sa devina ACAS\u0102 pentru cei care cauta starea de bine. Starea de bine nu este doar un concept ci o realitate ce poate fi implementat\u0103 \u0219i asumat\u0103. Cum? Avem un proiect care este g\u00e2ndit pan\u0103 la cele mai mici detalii: de la distan\u021ba dintre blocuri astfel \u00eenc\u00e2t fiecare apartament sa beneficieze de c\u00e2t mai mult de lumin\u0103 natural\u0103, p\u00e2n\u0103 la sursele de energie regenerabil\u0103 de pe acoperi\u0219ul blocurilor. Avem spa\u021bii largi pietonale cu locuri de joaca \u0219i piste de alergare pentru c\u0103 toat\u0103 circula\u021bia auto este redirec\u021bionat\u0103 c\u0103tre zona subteran\u0103. \u00cen momentul \u00een care mixezi grija legat\u0103 de calitatea constructiei, facilit\u0103\u021bile \u0219i detalii care fac diferen\u021ba, ai un proiect c\u00e2\u0219tig\u0103tor.<\/p>\n<p>Greenfield Copou mai are o particularitate. Este ales de oameni deosebi\u021bi care apreciaz\u0103 valoarea unei comunit\u0103\u021bii, a traiului \u00eentr-un spa\u021biu \u00een care vecinul \u00ee\u021bi este \u0219i prieten. Pentru c\u0103, asa cum spuneam la \u00eenceput, fericirea nu este \u0219i nu a fost niciodat\u0103 solitar\u0103.<\/p>\n","protected":false},"excerpt":{"rendered":"<p>Fericirea nu este \u0219i nu a fost niciodat\u0103 solitar\u0103. Ea poate fi sim\u021bit\u0103, \u00een\u021beleas\u0103 sau tr\u0103it\u0103 doar al\u0103turi de cel\u0103lalt, doar \u00een comunitate,..<\/p>\n","protected":false},"author":1,"featured_media":0,"parent":0,"menu_order":0,"comment_status":"closed","ping_status":"closed","template":"templates\/lifestyle.php","meta":{"_acf_changed":false,"footnotes":""},"class_list":["post-1309","page","type-page","status-publish","hentry"],"acf":[],"_links":{"self":[{"href":"https:\/\/www.greenfieldresidence.ro\/copou\/wp-json\/wp\/v2\/pages\/1309"}],"collection":[{"href":"https:\/\/www.greenfieldresidence.ro\/copou\/wp-json\/wp\/v2\/pages"}],"about":[{"href":"https:\/\/www.greenfieldresidence.ro\/copou\/wp-json\/wp\/v2\/types\/page"}],"author":[{"embeddable":true,"href":"https:\/\/www.greenfieldresidence.ro\/copou\/wp-json\/wp\/v2\/users\/1"}],"replies":[{"embeddable":true,"href":"https:\/\/www.greenfieldresidence.ro\/copou\/wp-json\/wp\/v2\/comments?post=1309"}],"version-history":[{"count":5,"href":"https:\/\/www.greenfieldresidence.ro\/copou\/wp-json\/wp\/v2\/pages\/1309\/revisions"}],"predecessor-version":[{"id":15356,"href":"https:\/\/www.greenfieldresidence.ro\/copou\/wp-json\/wp\/v2\/pages\/1309\/revisions\/15356"}],"wp:attachment":[{"href":"https:\/\/www.greenfieldresidence.ro\/copou\/wp-json\/wp\/v2\/media?parent=1309"}],"curies":[{"name":"wp","href":"https:\/\/api.w.org\/{rel}","templated":true}]}}