{"id":11728,"date":"2021-01-28T20:40:13","date_gmt":"2021-01-28T18:40:13","guid":{"rendered":"https:\/\/www.greenfieldresidence.ro\/baneasa\/?page_id=11728"},"modified":"2022-07-29T10:55:03","modified_gmt":"2022-07-29T07:55:03","slug":"nota-de-informare-privind-abonarea-la-newsletter-si-gestionarea-abonamentelor","status":"publish","type":"page","link":"https:\/\/www.greenfieldresidence.ro\/baneasa\/nota-de-informare-privind-abonarea-la-newsletter-si-gestionarea-abonamentelor\/","title":{"rendered":"Not\u0103 de informare privind abonarea la newsletter \u0219i gestionarea abonamentelor"},"content":{"rendered":"<p><b>Impact Developer&amp;Contractor SA<\/b>, cu sediul \u00een\u00a0Loc.\u00a0Bucuresti, Willbrook Platinum Business &amp; Convention Center, Cladirea A, etaj 1, Sos. Bucuresti &#8211; Ploiesti, nr. 172 &#8211; 176, sectorul 1, inregistrata la Registrul Comertului cu J40\/7228\/2018, cod fiscal\u00a0RO 1553483 \u0219i <b>Bergamot Developments S.R.L<\/b>, cu sediul \u00een Bucure\u0219ti, \u0218os. Bucure\u0219ti-Ploie\u0219ti, 172-176, Willbrook Platinium &amp; Convention Center, Cl\u0103direa A, etaj 1, birou nr. 1, Sector 1, \u00eenmatriculat\u0103 \u00een Registrul Comer\u021bului sub nr. J40\/6057\/2017, cod fiscal RO 37471856, \u00een calitate de operatori ai datelor dumneavoastr\u0103 cu caracter personal \u00een contextul abon\u0103rii la comunic\u0103rile comerciale doresc s\u0103 v\u0103 aduc\u0103 la cuno\u0219tin\u021b\u0103 modul \u00een care sunt prelucrate aceste date.<\/p>\n<p>\u00cen cazul \u00een care pentru scopul abon\u0103rii la comunic\u0103rile comerciale vor fi implica\u021bi al\u021bi operatori, respectiv alte societ\u0103\u021bi afiliate ale celor doi operatori men\u021biona\u021bi, prezenta not\u0103 de informare va fi modificat\u0103 \u0219i amendat\u0103 \u00een mod corespunz\u0103tor.<\/p>\n<p><b>Scopul prelucr\u0103rii datelor cu caracter personal<\/b><\/p>\n<p>Prelucrarea datelor dumneavoastr\u0103 are scopul de a permite gestionarea abonamentelor la comunic\u0103rile comerciale \u0219i ne permite s\u0103: v\u0103 transmitem comunic\u0103rile comerciale cu luarea \u00een considerare a intereselor pe care le-a\u021bi marcat la momentul abon\u0103rii; s\u0103 v\u0103 transmitem comunic\u0103ri privind nout\u0103\u021bile, evenimentele\/concursurile \u0219i promo\u021biile organizate de c\u0103tre operatori, s\u0103 efectu\u0103m analize statistice cu privire la performan\u021ba acestui serviciu, dar f\u0103r\u0103 a ne limita la acestea.<\/p>\n<p>\u00cen cazul \u00een care la momentul abon\u0103rii folosind tabletele disponibile \u00een birourile de v\u00e2nzare sau la t\u00e2rgurile de profil, a\u021bi completat \u0219i num\u0103rul de telefon trebuie s\u0103 \u0219ti\u021bi c\u0103 v\u0103 vom putea transmite mesaje comerciale \u00een scopurile men\u021bionate mai sus sau v\u0103 vom putea contacta telefonic.<\/p>\n<p>\u00cen cazul \u00een care abonarea la comunic\u0103rile comerciale s-a realizat prin orice alt mijloc dec\u00e2t acela al folosirii tabletei, vom utiliza drept canal de comunicare exclusiv adresa de email furnizat\u0103 la momentul abon\u0103rii prin bifarea corespunz\u0103toare a c\u0103su\u021bei privind abonarea. \u00cen acest condi\u021bii, prin utilizarea unui API se vor transmite \u00een platforma de gestionare a consim\u021b\u0103mintelor numai informa\u021bii referitoare la: nume, prenume, adresa de email, sursa\u00a0 \u0219i data \u0219i ora abon\u0103rii.<\/p>\n<p>Abonarea la comunic\u0103rile de marketing se face \u00een doi pa\u0219i (double opt in). Pentru asigurarea exactit\u0103\u021bii datelor cu caracter personal colectate, dup\u0103 completarea formularului \u0219i \u00eenscrierea dumneavoastr\u0103 la newsletterul nostru, v\u0103 vom transmite un email care va con\u021bine un link de confirmare a adresei de email, care va avea o valabilitate de 48 de ore. Dac\u0103 dup\u0103 expirarea termenului de 48 de ore, nu a\u021bi procedat la confirmarea adresei de email, datele dumneavoastr\u0103 cu caracter personal furnizate prin completarea formularului vor fi \u0219terse din baza noastr\u0103 de date.<\/p>\n<p><b>Temeiul prelucr\u0103rii<\/b><\/p>\n<p>Prelucr\u0103m datele dumneavoastr\u0103 \u00een scopurile de mai sus \u00een temeiul art. 6 alin. (1) lit. a din GDPR \u2013 respectiv consim\u021b\u0103m\u00e2ntul expres manifestat de c\u0103tre dumneavoastr\u0103 prin parcurgerea procesului de abonare, respectiv furnizarea datelor \u00een cadrul formularului de abonare \u0219i confirmarea acestor date prin accesarea link-ului de validare.<\/p>\n<p>Tipuri de date cu caracter personal care fac obiectul prelucr\u0103rii<\/p>\n<p>&#8211; Obligatorii: nume, prenume, adresa de e-mail;<\/p>\n<p>&#8211; Op\u021bional: num\u0103rul de telefon<\/p>\n<p>&#8211; Observate: data \u0219i ora abon\u0103rii, adresa IP, sursa de pe care s-a realizat abonarea.<\/p>\n<p>\u00cen ceea ce prive\u0219te prelucrarea datelor dumneavoastr\u0103 av\u00e2nd ca surs\u0103 website-urile operate de ceilal\u021bi operatori din grupul Impact, aceasta se va face \u00een temeiul art. 6 alin. (1) lit. f din GDPR &#8211;\u00a0 interesul legitim al operatorilor, care fac parte din acela\u0219i grup economic cu privire la centralizarea consim\u021b\u0103mintelor privind comunic\u0103rile comerciale \u0219i gestionarea acestora \u00eentr-o baz\u0103 de date unitar\u0103, cu m\u0103suri de securitate adecvate.<\/p>\n<p>Nefurnizarea datelor cu caracter obligatoriu va conduce la imposibilitatea folosirii serviciului.<\/p>\n<p><b>Sursa datelor<\/b><\/p>\n<p>Datele dumneavoastr\u0103 privind abonarea la newsletter\u00a0 (respectiv numele, prenumele, data \u0219i ora abon\u0103rii \u0219i adresa de email) vor putea avea ca surs\u0103 formularele de pe website-urile <a href=\"https:\/\/www.impactsa.ro\">www.impactsa.ro<\/a>,\u00a0<a href=\"https:\/\/www.greenfieldresidence.ro\/\">www.greenfieldresidence.ro<\/a>,\u00a0<a href=\"https:\/\/www.luxuria-residence.ro\/\">www.luxuria-residence.ro<\/a>,\u00a0<a href=\"https:\/\/www.boreal-plus.ro\">www.boreal-plus.ro<\/a> prin intermediul c\u0103rora v-a\u021bi manifestat \u00een mod expres dorin\u021ba de a v\u0103 abona la comunic\u0103rile comerciale fie prin completarea datelor \u00een formularul pentru abonarea la newsletter, fie prin bifarea c\u0103su\u021bei corespunz\u0103toare din formularul privind solicitarea de ofert\u0103, fie prin bifarea c\u0103su\u021bei corespunz\u0103toare din formularul de contact.<\/p>\n<p>De asemenea, datele dumneavoastr\u0103 (nume, prenume, adres\u0103 de email, data \u0219i ora abon\u0103rii) pot avea ca surs\u0103 programul Impact Genius la care dumneavoastr\u0103 v-a\u021bi \u00eenscris.<\/p>\n<p>Nu \u00een ultimul r\u00e2nd, sursa datelor poate fi reprezentat\u0103 de completarea de c\u0103tre dumneavoastr\u0103 pe tabletele disponibile la t\u00e2rgurile de profil sau \u00een birourile de v\u00e2nz\u0103ri a datelor necesare pentru abonarea la comunic\u0103rile de marketing.<\/p>\n<p><b>Categorii de persoane vizate<\/b><\/p>\n<p>Persoanele fizice care se prezint\u0103 \u00een birourile de v\u00e2nz\u0103ri din oricare dintre complexele reziden\u021biale, cele care se aboneaz\u0103 la aceste comunic\u0103ri \u00een contextul particip\u0103rii la t\u00e2rgurile imobiliare la care operatorii sunt prezen\u021bi, sau cele care bifeaz\u0103 c\u0103su\u021ba corespunz\u0103toare abon\u0103rii la comunic\u0103rile comerciale pe website-urile operate de c\u0103tre ace\u0219ti operatori.<\/p>\n<p><b>Destinatarii datelor<\/b><\/p>\n<p>Datele dumneavoastr\u0103 nu fac obiectul transferului \u00een afara Rom\u00e2niei.<\/p>\n<p>\u00cen situa\u021bia \u00een care decidem s\u0103 folosim un \u00eemputernicit pentru prelucrarea datelor dumneavoastr\u0103 \u00een scopurile expuse mai sus, vom face acest lucru doar cu \u00eencheierea prealabil\u0103 a unui contract de persoan\u0103 \u00eemputernicit\u0103 \u00een temeiul art. 28 din GDPR \u0219i cu asigurarea transferului responsabilit\u0103\u021bii \u00een sarcina acestuia.<\/p>\n<p><b>Durata de stocare<\/b><\/p>\n<p>Datele dumneavoastr\u0103 cu caracter personal vor fi stocate p\u00e2n\u0103 la exercitarea dreptului de \u0219tergere. \u00cen cazul \u00een care exercita\u021bi numai un drept de opozi\u021bie \u00een ceea ce prive\u0219te comunic\u0103rile comerciale, acestea nu vor fi \u0219terse, ci numai marcate \u00een mod corespunz\u0103tor, astfel \u00eenc\u00e2t pe viitor s\u0103 nu mai primi\u021bi astfel de comunic\u0103ri. Cu titlu general, datele dumneavoastr\u0103 vor fi stocate termen de 3 ani de la ob\u021binerea consim\u021b\u0103m\u00e2ntului sau de la ultima interac\u021biune cu dumneavoastr\u0103.<\/p>\n<p>Adresele de email \u0219i datele cu caracter personal furnizate, dar care nu au fost confirmate \u00een termen de 48 de ore de la primirea link-ului de confirmare vor fi \u0219terse de \u00eendat\u0103, \u00een mod automat.<\/p>\n<p><b>M\u0103suri privind securitatea datelor cu caracter personal<\/b><\/p>\n<p>\u00cen ceea ce prive\u0219te datele cu caracter personal colectate prin intermediul fiec\u0103ruia dintre website-urile operatorilor, acestea sunt transmise prin intermediul unui API c\u0103tre baza de date care gestioneaz\u0103 consim\u021b\u0103mintele.<\/p>\n<p>\u00cen ceea ce prive\u0219te m\u0103surile de securitate aplicabile accesului la baza de date, s-a avut \u00een vedere principiul accesului necesar \u0219i suficient \u00een raport de atribu\u021biile de serviciu ale utilizatorilor, dup\u0103 cum s-au avut \u00een vedere \u0219i regulile interne privind parolele asociate conturilor de utilizatori.<\/p>\n<p>\u00cen vederea asigur\u0103rii respect\u0103rii principiului exactit\u0103\u021bii datelor, utilizarea adresei de email drept canal de comunicare va demara numai dup\u0103 parcurgerea de c\u0103tre dumneavoastr\u0103 a procesului de confirmare a adresei de email.<\/p>\n<p><b>Exercitarea drepturilor<\/b><\/p>\n<p>\u00cen conformitate cu dispozi\u021biile art. 15 \u2013 22 din GDPR (Regulamentul general privind protec\u021bia datelor 2016\/679), dispune\u021bi de urm\u0103toarele drepturi pe care le ve\u021bi putea exercita prin formularea unei cereri la adresa <a href=\"mailto:dpo@impactsa.ro\">dpo@impactsa.ro<\/a>.<\/p>\n<ul>\n<li aria-level=\"1\"><b>Dreptul de retragere a consim\u021b\u0103m\u00e2ntului<\/b> \u2013 care nu aduce atingere prelucr\u0103rii efectuate \u00een perioada de valabilitate\u00a0 acestui consim\u021b\u0103m\u00e2nt \u0219i care poate fi exercitat oric\u00e2nd prin ap\u0103sarea link-ului de unsubscribe disponibil \u00een fiecare comunicare comercial\u0103 transmis\u0103 sau prin formularea unei cereri de retragere a consim\u021b\u0103m\u00e2ntului. Acest drept poate fi exercitat cu privire la oricare dintre canalele de comunicare.<\/li>\n<li aria-level=\"1\"><b>Dreptul de a fi informat <\/b>se refer\u0103 la obliga\u021bia operatorilor de a v\u0103 furniza informa\u021bii corecte cu privire la prelucrarea datelor, \u00een ceea ce prive\u0219te modul \u00een care sunt utilizate datele dumneavoastr\u0103 cu caracter personal;<\/li>\n<li aria-level=\"1\"><b>Dreptul de acces<\/b> \u00eenseamn\u0103 c\u0103 ave\u021bi dreptul de a ob\u021bine din partea noastr\u0103 o confirmare c\u0103 v\u0103 prelucr\u0103m sau nu date cu caracter personal, iar daca da, v\u0103 oferim accesul la aceste date precum \u0219i informa\u021bii despre cum sunt prelucrate. Ave\u021bi, de asemenea, dreptul de a ob\u021bine o copie a datelor pe care le prelucr\u0103m \u00een ceea ce v\u0103 prive\u0219te;<\/li>\n<li aria-level=\"1\"><b>Dreptul la portabilitate<\/b> se refera la faptul c\u0103 pute\u021bi primi datele cu caracter personal \u00eentr-un format structurat, utilizat \u00een mod curent \u0219i care poate fi citit automat precum \u0219i transmiterea acestor date altui operator, cu respectarea anumitor condi\u021bii prev\u0103zute de dispozi\u021biile Regulamentului;<\/li>\n<li aria-level=\"1\"><b>Dreptul la opozi\u021bie <\/b>vizeaz\u0103 dreptul de a v\u0103 opune prelucr\u0103rii datelor personale atunci c\u00e2nd aceasta deserve\u0219te un interes public ori un interes legitim al nostru.<\/li>\n<li aria-level=\"1\"><b>Dreptul la rectificare<\/b> se refera la corectarea, f\u0103r\u0103 \u00eent\u00e2rzieri nejustificate, a datelor personale inexacte;<\/li>\n<li aria-level=\"1\"><b>Dreptul la \u0219tergere\/dreptul de a fi uitat<\/b> \u00eenseamn\u0103 ca ave\u021bi dreptul s\u0103 v\u0103 \u0219tergem datele colectate f\u0103r\u0103 \u00eent\u00e2rzieri nejustificate, \u00een oricare din urm\u0103toarele situa\u021bii: nu mai sunt necesare pentru \u00eendeplinirea scopurilor pentru care au fost colectate, retragerea consim\u021b\u0103m\u00e2ntului, opunerea la prelucrare, colectarea ilegal\u0103, \u0219tergerea pentru respectarea unei obliga\u021bii legale sau colectarea f\u0103cut\u0103 cu oferirea de servicii ale societ\u0103\u021bii informa\u021bionale;<\/li>\n<li aria-level=\"1\"><b>Dreptul la restric\u021bionarea prelucr\u0103rii<\/b> poate fi exercitat dac\u0103 se contest\u0103 exactitatea datelor pe o anumita perioad\u0103, suficient\u0103 pentru verificarea datelor, dac\u0103 prelucrarea este ilegala dar nu se dore\u0219te \u0219tergerea datelor doar restric\u021bionarea, \u00een cazul \u00een care nu mai avem nevoie de datele personale \u00een vederea prelucr\u0103rii \u00eens\u0103 ni le solicita\u021bi pentru ap\u0103rarea unui drept \u00een instan\u021b\u0103 sau dac\u0103 v-a\u021bi opus prelucr\u0103rii.<\/li>\n<\/ul>\n<p>\u00cen cazul \u00een care nu sunte\u021bi mul\u021bumit de modul \u00een care am solu\u021bionat o cerere privind exercitarea unui drept, ave\u021bi dreptul de a v\u0103 adresa cu o pl\u00e2ngere Autorit\u0103\u021bii Na\u021bionale de Supraveghere a Prelucr\u0103rii Datelor cu Caracter Personal.<\/p>\n","protected":false},"excerpt":{"rendered":"<p>Impact Developer&amp;Contractor SA, cu sediul \u00een\u00a0Loc.\u00a0Bucuresti, Willbrook Platinum Business &amp; Convention Center, Cladirea A, etaj 1, Sos. Bucuresti &#8211; Ploiesti, nr. 172 &#8211;..<\/p>\n","protected":false},"author":1,"featured_media":0,"parent":0,"menu_order":0,"comment_status":"closed","ping_status":"closed","template":"","meta":{"_acf_changed":false,"footnotes":""},"page-cat":[],"nr-camere":[],"class_list":["post-11728","page","type-page","status-publish","hentry"],"acf":[],"yoast_head":"<!-- This site is optimized with the Yoast SEO plugin v27.2 - https:\/\/yoast.com\/product\/yoast-seo-wordpress\/ -->\n<title>Not\u0103 de informare privind abonarea la newsletter \u0219i gestionarea abonamentelor - Greenfield B\u0103neasa<\/title>\n<meta name=\"robots\" content=\"index, follow, max-snippet:-1, max-image-preview:large, max-video-preview:-1\" \/>\n<link rel=\"canonical\" href=\"https:\/\/www.greenfieldresidence.ro\/baneasa\/nota-de-informare-privind-abonarea-la-newsletter-si-gestionarea-abonamentelor\/\" \/>\n<meta property=\"og:locale\" content=\"ro_RO\" \/>\n<meta property=\"og:type\" content=\"article\" \/>\n<meta property=\"og:title\" content=\"Not\u0103 de informare privind abonarea la newsletter \u0219i gestionarea abonamentelor - Greenfield B\u0103neasa\" \/>\n<meta property=\"og:description\" content=\"Impact Developer&amp;Contractor SA, cu sediul \u00een\u00a0Loc.\u00a0Bucuresti, Willbrook Platinum Business &amp; Convention Center, Cladirea A, etaj 1, Sos. Bucuresti &#8211; Ploiesti, nr. 172 &#8211;..\" \/>\n<meta property=\"og:url\" content=\"https:\/\/www.greenfieldresidence.ro\/baneasa\/nota-de-informare-privind-abonarea-la-newsletter-si-gestionarea-abonamentelor\/\" \/>\n<meta property=\"og:site_name\" content=\"Greenfield B\u0103neasa\" \/>\n<meta property=\"article:modified_time\" content=\"2022-07-29T07:55:03+00:00\" \/>\n<meta name=\"twitter:card\" content=\"summary_large_image\" \/>\n<meta name=\"twitter:label1\" content=\"Timp estimat pentru citire\" \/>\n\t<meta name=\"twitter:data1\" content=\"8 minute\" \/>\n<script type=\"application\/ld+json\" class=\"yoast-schema-graph\">{\"@context\":\"https:\/\/schema.org\",\"@graph\":[{\"@type\":\"WebPage\",\"@id\":\"https:\/\/www.greenfieldresidence.ro\/baneasa\/nota-de-informare-privind-abonarea-la-newsletter-si-gestionarea-abonamentelor\/\",\"url\":\"https:\/\/www.greenfieldresidence.ro\/baneasa\/nota-de-informare-privind-abonarea-la-newsletter-si-gestionarea-abonamentelor\/\",\"name\":\"Not\u0103 de informare privind abonarea la newsletter \u0219i gestionarea abonamentelor - Greenfield B\u0103neasa\",\"isPartOf\":{\"@id\":\"https:\/\/www.greenfieldresidence.ro\/baneasa\/#website\"},\"datePublished\":\"2021-01-28T18:40:13+00:00\",\"dateModified\":\"2022-07-29T07:55:03+00:00\",\"breadcrumb\":{\"@id\":\"https:\/\/www.greenfieldresidence.ro\/baneasa\/nota-de-informare-privind-abonarea-la-newsletter-si-gestionarea-abonamentelor\/#breadcrumb\"},\"inLanguage\":\"ro-RO\",\"potentialAction\":[{\"@type\":\"ReadAction\",\"target\":[\"https:\/\/www.greenfieldresidence.ro\/baneasa\/nota-de-informare-privind-abonarea-la-newsletter-si-gestionarea-abonamentelor\/\"]}]},{\"@type\":\"BreadcrumbList\",\"@id\":\"https:\/\/www.greenfieldresidence.ro\/baneasa\/nota-de-informare-privind-abonarea-la-newsletter-si-gestionarea-abonamentelor\/#breadcrumb\",\"itemListElement\":[{\"@type\":\"ListItem\",\"position\":1,\"name\":\"Home\",\"item\":\"https:\/\/www.greenfieldresidence.ro\/baneasa\/\"},{\"@type\":\"ListItem\",\"position\":2,\"name\":\"Not\u0103 de informare privind abonarea la newsletter \u0219i gestionarea abonamentelor\"}]},{\"@type\":\"WebSite\",\"@id\":\"https:\/\/www.greenfieldresidence.ro\/baneasa\/#website\",\"url\":\"https:\/\/www.greenfieldresidence.ro\/baneasa\/\",\"name\":\"Greenfield B\u0103neasa\",\"description\":\"Cartierul \u00eembr\u0103\u021bi\u0219at de p\u0103dure\",\"publisher\":{\"@id\":\"https:\/\/www.greenfieldresidence.ro\/baneasa\/#organization\"},\"potentialAction\":[{\"@type\":\"SearchAction\",\"target\":{\"@type\":\"EntryPoint\",\"urlTemplate\":\"https:\/\/www.greenfieldresidence.ro\/baneasa\/?s={search_term_string}\"},\"query-input\":{\"@type\":\"PropertyValueSpecification\",\"valueRequired\":true,\"valueName\":\"search_term_string\"}}],\"inLanguage\":\"ro-RO\"},{\"@type\":\"Organization\",\"@id\":\"https:\/\/www.greenfieldresidence.ro\/baneasa\/#organization\",\"name\":\"Greenfield B\u0103neasa\",\"url\":\"https:\/\/www.greenfieldresidence.ro\/baneasa\/\",\"logo\":{\"@type\":\"ImageObject\",\"inLanguage\":\"ro-RO\",\"@id\":\"https:\/\/www.greenfieldresidence.ro\/baneasa\/#\/schema\/logo\/image\/\",\"url\":\"https:\/\/www.greenfieldresidence.ro\/baneasa\/wp-content\/uploads\/2020\/05\/logo.svg\",\"contentUrl\":\"https:\/\/www.greenfieldresidence.ro\/baneasa\/wp-content\/uploads\/2020\/05\/logo.svg\",\"caption\":\"Greenfield B\u0103neasa\"},\"image\":{\"@id\":\"https:\/\/www.greenfieldresidence.ro\/baneasa\/#\/schema\/logo\/image\/\"}}]}<\/script>\n<!-- \/ Yoast SEO plugin. -->","yoast_head_json":{"title":"Not\u0103 de informare privind abonarea la newsletter \u0219i gestionarea abonamentelor - Greenfield B\u0103neasa","robots":{"index":"index","follow":"follow","max-snippet":"max-snippet:-1","max-image-preview":"max-image-preview:large","max-video-preview":"max-video-preview:-1"},"canonical":"https:\/\/www.greenfieldresidence.ro\/baneasa\/nota-de-informare-privind-abonarea-la-newsletter-si-gestionarea-abonamentelor\/","og_locale":"ro_RO","og_type":"article","og_title":"Not\u0103 de informare privind abonarea la newsletter \u0219i gestionarea abonamentelor - Greenfield B\u0103neasa","og_description":"Impact Developer&amp;Contractor SA, cu sediul \u00een\u00a0Loc.\u00a0Bucuresti, Willbrook Platinum Business &amp; Convention Center, Cladirea A, etaj 1, Sos. Bucuresti &#8211; Ploiesti, nr. 172 &#8211;..","og_url":"https:\/\/www.greenfieldresidence.ro\/baneasa\/nota-de-informare-privind-abonarea-la-newsletter-si-gestionarea-abonamentelor\/","og_site_name":"Greenfield B\u0103neasa","article_modified_time":"2022-07-29T07:55:03+00:00","twitter_card":"summary_large_image","twitter_misc":{"Timp estimat pentru citire":"8 minute"},"schema":{"@context":"https:\/\/schema.org","@graph":[{"@type":"WebPage","@id":"https:\/\/www.greenfieldresidence.ro\/baneasa\/nota-de-informare-privind-abonarea-la-newsletter-si-gestionarea-abonamentelor\/","url":"https:\/\/www.greenfieldresidence.ro\/baneasa\/nota-de-informare-privind-abonarea-la-newsletter-si-gestionarea-abonamentelor\/","name":"Not\u0103 de informare privind abonarea la newsletter \u0219i gestionarea abonamentelor - Greenfield B\u0103neasa","isPartOf":{"@id":"https:\/\/www.greenfieldresidence.ro\/baneasa\/#website"},"datePublished":"2021-01-28T18:40:13+00:00","dateModified":"2022-07-29T07:55:03+00:00","breadcrumb":{"@id":"https:\/\/www.greenfieldresidence.ro\/baneasa\/nota-de-informare-privind-abonarea-la-newsletter-si-gestionarea-abonamentelor\/#breadcrumb"},"inLanguage":"ro-RO","potentialAction":[{"@type":"ReadAction","target":["https:\/\/www.greenfieldresidence.ro\/baneasa\/nota-de-informare-privind-abonarea-la-newsletter-si-gestionarea-abonamentelor\/"]}]},{"@type":"BreadcrumbList","@id":"https:\/\/www.greenfieldresidence.ro\/baneasa\/nota-de-informare-privind-abonarea-la-newsletter-si-gestionarea-abonamentelor\/#breadcrumb","itemListElement":[{"@type":"ListItem","position":1,"name":"Home","item":"https:\/\/www.greenfieldresidence.ro\/baneasa\/"},{"@type":"ListItem","position":2,"name":"Not\u0103 de informare privind abonarea la newsletter \u0219i gestionarea abonamentelor"}]},{"@type":"WebSite","@id":"https:\/\/www.greenfieldresidence.ro\/baneasa\/#website","url":"https:\/\/www.greenfieldresidence.ro\/baneasa\/","name":"Greenfield B\u0103neasa","description":"Cartierul \u00eembr\u0103\u021bi\u0219at de p\u0103dure","publisher":{"@id":"https:\/\/www.greenfieldresidence.ro\/baneasa\/#organization"},"potentialAction":[{"@type":"SearchAction","target":{"@type":"EntryPoint","urlTemplate":"https:\/\/www.greenfieldresidence.ro\/baneasa\/?s={search_term_string}"},"query-input":{"@type":"PropertyValueSpecification","valueRequired":true,"valueName":"search_term_string"}}],"inLanguage":"ro-RO"},{"@type":"Organization","@id":"https:\/\/www.greenfieldresidence.ro\/baneasa\/#organization","name":"Greenfield B\u0103neasa","url":"https:\/\/www.greenfieldresidence.ro\/baneasa\/","logo":{"@type":"ImageObject","inLanguage":"ro-RO","@id":"https:\/\/www.greenfieldresidence.ro\/baneasa\/#\/schema\/logo\/image\/","url":"https:\/\/www.greenfieldresidence.ro\/baneasa\/wp-content\/uploads\/2020\/05\/logo.svg","contentUrl":"https:\/\/www.greenfieldresidence.ro\/baneasa\/wp-content\/uploads\/2020\/05\/logo.svg","caption":"Greenfield B\u0103neasa"},"image":{"@id":"https:\/\/www.greenfieldresidence.ro\/baneasa\/#\/schema\/logo\/image\/"}}]}},"ACF":false,"_links":{"self":[{"href":"https:\/\/www.greenfieldresidence.ro\/baneasa\/wp-json\/wp\/v2\/pages\/11728","targetHints":{"allow":["GET"]}}],"collection":[{"href":"https:\/\/www.greenfieldresidence.ro\/baneasa\/wp-json\/wp\/v2\/pages"}],"about":[{"href":"https:\/\/www.greenfieldresidence.ro\/baneasa\/wp-json\/wp\/v2\/types\/page"}],"author":[{"embeddable":true,"href":"https:\/\/www.greenfieldresidence.ro\/baneasa\/wp-json\/wp\/v2\/users\/1"}],"replies":[{"embeddable":true,"href":"https:\/\/www.greenfieldresidence.ro\/baneasa\/wp-json\/wp\/v2\/comments?post=11728"}],"version-history":[{"count":2,"href":"https:\/\/www.greenfieldresidence.ro\/baneasa\/wp-json\/wp\/v2\/pages\/11728\/revisions"}],"predecessor-version":[{"id":17065,"href":"https:\/\/www.greenfieldresidence.ro\/baneasa\/wp-json\/wp\/v2\/pages\/11728\/revisions\/17065"}],"wp:attachment":[{"href":"https:\/\/www.greenfieldresidence.ro\/baneasa\/wp-json\/wp\/v2\/media?parent=11728"}],"wp:term":[{"taxonomy":"page-cat","embeddable":true,"href":"https:\/\/www.greenfieldresidence.ro\/baneasa\/wp-json\/wp\/v2\/page-cat?post=11728"},{"taxonomy":"nr-camere","embeddable":true,"href":"https:\/\/www.greenfieldresidence.ro\/baneasa\/wp-json\/wp\/v2\/nr-camere?post=11728"}],"curies":[{"name":"wp","href":"https:\/\/api.w.org\/{rel}","templated":true}]}}